e prime factors of 16866.
2, 3, 937
What are the prime factors of 3106?
2, 1553
What are the prime factors of 15681?
3, 5227
What are the prime factors of 25026?
2, 3, 43, 97
What are the prime factors of 7848?
2, 3, 109
What are the prime factors of 4171?
43, 97
List the prime factors of 2012.
2, 503
What are the prime factors of 2866?
2, 1433
List the prime factors of 12193.
89, 137
List the prime factors of 401.
401
List the prime factors of 19821.
3, 6607
What are the prime factors of 13543?
29, 467
What are the prime factors of 6666?
2, 3, 11, 101
List the prime factors of 17126.
2, 8563
What are the prime factors of 3693?
3, 1231
What are the prime factors of 41853?
3, 7, 1993
List the prime factors of 73249.
11, 6659
What are the prime factors of 646?
2, 17, 19
What are the prime factors of 8309?
7, 1187
What are the prime factors of 900?
2, 3, 5
What are the prime factors of 150632?
2, 19, 991
List the prime factors of 9302.
2, 4651
What are the prime factors of 879?
3, 293
What are the prime factors of 3022?
2, 1511
What are the prime factors of 392?
2, 7
What are the prime factors of 38656?
2, 151
What are the prime factors of 3049?
3049
List the prime factors of 5291.
11, 13, 37
What are the prime factors of 16979?
16979
List the prime factors of 3346.
2, 7, 239
What are the prime factors of 68755?
5, 13751
List the prime factors of 403.
13, 31
List the prime factors of 1057.
7, 151
List the prime factors of 123.
3, 41
What are the prime factors of 1354?
2, 677
List the prime factors of 23320.
2, 5, 11, 53
What are the prime factors of 301?
7, 43
What are the prime factors of 2178?
2, 3, 11
List the prime factors of 4228.
2, 7, 151
List the prime factors of 4349.
4349
List the prime factors of 8811.
3, 11, 89
List the prime factors of 20597.
43, 479
What are the prime factors of 2428?
2, 607
What are the prime factors of 416?
2, 13
What are the prime factors of 18851?
7, 2693
List the prime factors of 1635.
3, 5, 109
List the prime factors of 12328.
2, 23, 67
What are the prime factors of 21275?
5, 23, 37
What are the prime factors of 121932?
2, 3, 1129
What are the prime factors of 3840?
2, 3, 5
List the prime factors of 528.
2, 3, 11
List the prime factors of 28404.
2, 3, 263
List the prime factors of 5369.
7, 13, 59
What are the prime factors of 1906?
2, 953
What are the prime factors of 6168?
2, 3, 257
What are the prime factors of 2680?
2, 5, 67
List the prime factors of 1436.
2, 359
List the prime factors of 2534.
2, 7, 181
List the prime factors of 18538.
2, 13, 23, 31
List the prime factors of 2974.
2, 1487
What are the prime factors of 6317?
6317
What are the prime factors of 3777?
3, 1259
What are the prime factors of 2185?
5, 19, 23
What are the prime factors of 229?
229
List the prime factors of 74939.
137, 547
List the prime factors of 74964.
2, 3, 6247
What are the prime factors of 22400?
2, 5, 7
What are the prime factors of 16449?
3, 5483
What are the prime factors of 5510?
2, 5, 19, 29
What are the prime factors of 27924?
2, 3, 13, 179
List the prime factors of 179.
179
What are the prime factors of 6541?
31, 211
What are the prime factors of 6644?
2, 11, 151
What are the prime factors of 30146?
2, 15073
What are the prime factors of 2633?
2633
What are the prime factors of 22703?
73, 311
List the prime factors of 7417.
7417
List the prime factors of 3205.
5, 641
What are the prime factors of 35982?
2, 3, 1999
List the prime factors of 14233.
43, 331
List the prime factors of 768.
2, 3
What are the prime factors of 12361?
47, 263
List the prime factors of 2908.
2, 727
List the prime factors of 40851.
3, 17, 89
What are the prime factors of 8583?
3, 2861
What are the prime factors of 8392?
2, 1049
List the prime factors of 18536.
2, 7, 331
List the prime factors of 96686.
2, 29, 1667
List the prime factors of 13698.
2, 3, 761
What are the prime factors of 13?
13
What are the prime factors of 5009?
5009
What are the prime factors of 51825?
3, 5, 691
What are the prime factors of 927?
3, 103
List the prime factors of 5684.
2, 7, 29
What are the prime factors of 51223?
181, 283
What are the prime factors of 3704?
2, 463
List the prime factors of 111856.
2, 6991
List the prime factors of 3246.
2, 3, 541
What are the prime factors of 105250?
2, 5, 421
What are the prime factors of 8010?
2, 3, 5, 89
What are the prime factors of 2537?
43, 59
What are the prime factors of 3238?
2, 1619
What are the prime factors of 7576?
2, 947
What are the prime factors of 365?
5, 73
List the prime factors of 9457.
7, 193
What are the prime factors of 29369?
43, 683
List the prime factors of 893.
19, 47
What are the prime factors of 83?
83
What are the prime factors of 10776?
2, 3, 449
List the prime factors of 124065.
3, 5, 919
List the prime factors of 176.
2, 11
List the prime factors of 30385.
5, 59, 103
What are the prime factors of 992?
2, 31
List the prime factors of 12238.
2, 29, 211
List the prime factors of 32948.
2, 8237
List the prime factors of 13789.
13789
What are the prime factors of 1840?
2, 5, 23
List the prime factors of 3439.
19, 181
List the prime factors of 9831.
3, 29, 113
List the prime factors of 8503.
11, 773
List the prime factors of 26944.
2, 421
What are the prime factors of 121777?
47, 2591
List the prime factors of 15337.
7, 313
List the prime factors of 42021.
3, 7, 23, 29
What are the prime factors of 170634?
2, 3, 28439
List the prime factors of 2815.
5, 563
List the prime factors of 37696.
2, 19, 31
What are the prime factors of 1771?
7, 11, 23
List the prime factors of 33781.
11, 37, 83
What are the prime factors of 14481?
3, 1609
List the prime factors of 8496.
2, 3, 59
What are the prime factors of 1032?
2, 3, 43
What are the prime factors of 1358?
2, 7, 97
List the prime factors of 24865.
5, 4973
List the prime factors of 4492.
2, 1123
What are the prime factors of 24311?
7, 23, 151
What are the prime factors of 17982?
2, 3, 37
What are the prime factors of 8086?
2, 13, 311
What are the prime factors of 7623?
3, 7, 11
List the prime factors of 26119.
26119
What are the prime factors of 56930?
2, 5, 5693
What are the prime factors of 5041?
71
What are the prime factors of 30828?
2, 3, 7, 367
What are the prime factors of 13626?
2, 3, 757
What are the prime factors of 24919?
24919
List the prime factors of 7341.
3, 2447
What are the prime factors of 12611?
12611
What are the prime factors of 9944?
2, 11, 113
List the prime factors of 92024.
2, 11503
What are the prime factors of 12290?
2, 5, 1229
List the prime factors of 19.
19
List the prime factors of 814.
2, 11, 37
List the prime factors of 9057.
3, 3019
List the prime factors of 30480.
2, 3, 5, 127
List the prime factors of 66522.
2, 3, 11087
List the prime factors of 1994.
2, 997
List the prime factors of 2817.
3, 313
What are the prime factors of 18034?
2, 71, 127
What are the prime factors of 48084?
2, 3, 4007
List the prime factors of 185.
5, 37
What are the prime factors of 38047?
38047
List the prime factors of 92608.
2, 1447
List the prime factors of 3563.
7, 509
What are the prime factors of 9378?
2, 3, 521
What are the prime factors of 1803?
3, 601
List the prime factors of 3541.
3541
What are the prime factors of 5829?
3, 29, 67
List the prime factors of 314.
2, 157
List the prime factors of 56059.
61, 919
What are the prime factors of 2379?
3, 13, 61
List the prime factors of 1841.
7, 263
What are the prime factors of 31298?
2, 15649
List the prime factors of 28399.
7, 4057
List the prime factors of 363.
3, 11
List the prime factors of 7155.
3, 5, 53
What are the prime factors of 31092?
2, 3, 2591
List the prime factors of 2991.
3, 997
List the prime factors of 1428.
2, 3, 7, 17
List the prime factors of 6564.
2, 3, 547
List the prime factors of 2526.
2, 3, 421
What are the prime factors of 1868?
2, 467
What are the prime factors of 16773?
3, 5591
List the prime factors of 948.
2, 3, 79
List the prime factors of 524.
2, 131
What are the prime factors of 6589?
11, 599
List the prime factors of 367.
367
List the prime factors of 1907.
1907
List the prime factors of 3930.
2, 3, 5, 131
What are the prime factors of 13332?
2, 3, 11, 101
List the prime factors of 23688.
2, 3, 7, 47
What are the prime factors of 5123?
47, 109
List the prim